. Calculate the greatest common divisor of i and z.
8
Suppose 5*y - 44 = 3*z, -2*z = 4*y + 3*z - 13. Suppose 0 = -634*t + 642*t - 504. Calculate the highest common factor of y and t.
7
Let n be 79692/406 + (-4)/14. What is the highest common factor of n and 245?
49
Suppose 3*g - 193 = 341. Let h = g - 98. What is the highest common divisor of h and 20?
20
Let y(w) = w**3 - 6*w**2 + w + 6. Let v be y(6). Let g(x) = -x + 21. Let l be g(0). Let u = 87 + l. Calculate the greatest common divisor of v and u.
12
Let b be 32/160 + 48/10. Calculate the greatest common divisor of b and 10.
5
Suppose 3*g + 29 = -4*a, -4*g + 5*a - 60 = g. Let q = 23 + g. Suppose -5*i + 19 = 3*c - q, 35 = 3*c + i. What is the greatest common divisor of 18 and c?
6
Let h be 40/6 + 8/(-12). Suppose -4*m - 9 = 3, 0 = -p - 5*m - h. Let s be (-2)/(-6)*-1 - (-82)/3. What is the greatest common factor of p and s?
9
Let u be -1 + (-155)/(-25) + 8/10. What is the highest common factor of u and 246?
6
Let y be (-4 - -3)/(-4 - 4050/(-1014)). What is the highest common divisor of y and 13?
13
Let u be 26*(-10)/(-8)*74/185. Calculate the highest common factor of u and 2951.
13
Let l = -28 - -40. Let a(j) = -5*j**2 + 4*j + 3. Let k be a(5). Let t = 186 + k. What is the greatest common divisor of l and t?
12
Let f(k) = k**3 + 25*k**2 - 66*k - 9. Let b be f(-27). Suppose -8 = -3*z + 127. What is the highest common factor of z and b?
45
Suppose 0*j = -3*j + 3. Let k(f) be the second derivative of 5*f**4/4 + f**3/3 - f**2/2 - 29*f. Let u be k(j). What is the greatest common divisor of 128 and u?
16
Suppose -38*o - 221 + 715 = 0. Calculate the greatest common factor of o and 52.
13
Let t be 2/8 + 9400/160. What is the greatest common factor of t and 1?
1
Suppose 3*z + 0*z = 4*w - 121, 5*z - 97 = -4*w. Calculate the greatest common factor of w and 49.
7
Let g be ((-28)/12)/(3/11763). Let p be 1/3 + g/(-21). Suppose -4*a + p = -a + l, -a = 2*l - 152. What is the greatest common factor of a and 18?
18
Let t(u) = 1 + 43*u**2 - 4*u + 2*u**3 - 3*u**3 - 38*u**2. Let b be t(2). Calculate the highest common factor of b and 2.
1
Let a be (-2)/1 + 0 + 57. Let g = 1099 - 1094. What is the highest common divisor of g and a?
5
Let p(f) = f + 11. Let m be p(-7). Let v be -2 + 4 - 4 - -77. Suppose 0 = m*a - 37 - v. What is the greatest common divisor of a and 7?
7
Let x be (11 - 14) + (-5 - 1). Let l = x - -10. Calculate the highest common factor of l and 3.
1
Let b = 13 + -9. Suppose 17 = -3*j + b*x, 0 = -5*x + 25. What is the highest common divisor of j and 11?
1
Suppose -25*x + 324 = -16*x. Let a = -546 + 834. Calculate the greatest common divisor of x and a.
36
Suppose 0 = 5*z + 4*y - 367 - 437, 0 = -z + 5*y + 184. What is the highest common factor of z and 1?
1
Suppose 19 = 4*r - 1. Suppose -3*c - 12 = -r*z, 4*z + 0*c - 9 = 3*c. Let u be 94 + (z/(-1) - -5). What is the greatest common factor of 12 and u?
12
Let v be 0 - (2 + -41 + (2 - -2)). Calculate the greatest common factor of 250 and v.
5
Let o(t) = 12*t**2 + 25*t + 18. Let k be o(-9). Calculate the greatest common divisor of k and 34.
17
Let v(r) = r**2 - 8*r + 4. Let l be v(7). Suppose -4*s - x - 1 = -9, -x - 1 = -5*s. Let w = s - l. What is the highest common divisor of w and 10?
2
Suppose 4*a + 0*a - 224 = 0. Let t = 49 - 45. Suppose 0 = 4*l + 12, 62 = t*d + 2*l - 4*l. What is the highest common factor of d and a?
14
Suppose -10 = -5*c - 0. Let x = c - -6. Let h be 48/(-9)*(0 + 2)*237/(-158). What is the highest common divisor of h and x?
8
Let y(x) = x**3 + 23*x**2 - 23*x + 37. Let s be y(-17). Calculate the greatest common factor of 46 and s.
46
Let n be ((-104)/10)/(3/(-30)). Let s = 55 + -47. What is the highest common factor of s and n?
8
Suppose 1 - 11 = -5*b. Suppose -b = -y - 1. What is the greatest common factor of 1 and y?
1
Let u = 1094 - 599. What is the greatest common divisor of u and 15?
15
Suppose 37*g = 48*g - 1980. Calculate the greatest common factor of 5 and g.
5
Let u be -28 + 4 + -6 + 4. Let s = -16 - u. Suppose 0 = 4*i - 2*i - 20. Calculate the highest common divisor of s and i.
10
Let r = 531 - 499. Suppose 0*t = 5*t - 20. Let s(m) = m**3 - 3*m**2 - 4*m + 4. Let u be s(t). What is the greatest common divisor of u and r?
4
Let g = 5 + 28. Let k = g - 3. What is the greatest common divisor of 60 and k?
30
Suppose 5*n - 15 = 4*z, z - 4*n + 12 = -z. Let o be z - -2 - (-115)/5. What is the greatest common divisor of 25 and o?
25
Let m(b) = b**3 + 6*b**2 + 8. Suppose -2*o = c + 10, 4*c = 7 + 1. Let u be m(o). Let i be (-22)/6*-3*u. What is the highest common factor of 8 and i?
8
Let c be (39/2)/((-45)/(-120)). Let o = c + -41. Calculate the highest common divisor of 1 and o.
1
Let w(b) = -10*b - 1. Let v be w(-4). Let t = 2236 - 2041. Calculate the highest common factor of t and v.
39
Let m = 1293 + 18. Calculate the greatest common divisor of m and 69.
69
Suppose -158 = -a - 5. Let s(h) = h - 1. Let i(u) = u**2 - 24*u - 6. Let f(z) = i(z) + s(z). Let t be f(24). Calculate the greatest common factor of a and t.
17
Suppose 5522*b = 5529*b - 210. Calculate the highest common factor of b and 486.
6
Let i be 44/(-66)*(0 - 9). Suppose 2*t - 11 = -y, y + y + i = 3*t. What is the highest common factor of 6 and y?
3
Suppose -54*c = -31*c - 414. Calculate the greatest common factor of c and 42.
6
Suppose 18*l + 4736 = 26*l. Calculate the greatest common divisor of l and 48.
16
Let t = -1312 - -1364. What is the greatest common factor of t and 143?
13
Let o(p) be the first derivative of -15*p**2 + p - 21. Let b = -1 + 0. Let s be o(b). What is the greatest common divisor of 217 and s?
31
Let k be 1/(-3) + 116/6. Let c(f) = -18*f + 6. Let t be c(-6). Suppose 0 = 3*y - 0*y - t. Calculate the highest common factor of k and y.
19
Suppose -4*a + 2*r = -1204, -5*a = 3*r + 63 - 1546. Let u be 110/38 + (-8)/(-76) - -20. What is the greatest common divisor of a and u?
23
Let m(p) = 22*p**2 + 17*p + 5. Let t be m(-2). What is the greatest common divisor of t and 177?
59
Let k(m) = -13*m + 5. Let s be k(-5). Suppose 302 = 4*t - s. Let q = -48 + t. Calculate the greatest common factor of q and 18.
9
Suppose 0 = -2819*i + 2813*i + 138. What is the greatest common divisor of i and 621?
23
Suppose -2*a + 0*a + 682 = 0. Let b be 1 + -7 - (-59 - -22). Calculate the greatest common factor of a and b.
31
Suppose 2*d + 81 = 5*y, d - 39 = -2*y + 4*d. Let q be 100/14 + y/(-105). Calculate the highest common divisor of q and 119.
7
Let x(z) = z + 14. Let q be x(10). Let m(a) = 5*a + 53. Let n be m(-7). What is the highest common factor of q and n?
6
Let m(t) = 3*t**2 + 16*t - 12. Let n be m(-8). What is the greatest common factor of 26 and n?
26
Let v(h) = -h**2 + 9*h - 11. Let g(p) = 1. Let f(l) = g(l) + v(l). Let j be f(6). Calculate the greatest common factor of 40 and j.
8
Suppose 2*d + 36 = -3*m - 183, 0 = 4*m + 4. Let g be (-2)/(-18) - 9816/d. Calculate the greatest common factor of 13 and g.
13
Let i be ((-52)/(-6))/((-2)/(-6)). Let w(t) = 18*t - 637. Let u be w(39). Calculate the highest common factor of i and u.
13
Let n = -34 - 1. Let k be (-550)/(-14) + (-5 - 165/n). Let x = 45 - 19. Calculate the highest common divisor of x and k.
13
Let h(p) = -140*p - 8. Let l be h(1). Let o be 4 + (l/6)/((-3)/9). Suppose 3*a - 52 = a. What is the highest common factor of o and a?
26
Suppose 25*r = 28*r - 1215. Calculate the greatest common factor of r and 105.
15
Suppose -9*m = m - 700. Let a = m + -65. Let k = 45 - 10. Calculate the greatest common divisor of k and a.
5
Suppose -3*a + 82 = 19. What is the greatest common divisor of 24 and a?
3
Suppose 4*q - 4 = -c + 40, 0 = -4*q. Let t = 12153 + -12120. Calculate the highest common divisor of t and c.
11
Let t(h) = h**3 + 5*h**2 + 2. Let v be t(-5). Suppose 5*o - 250 = -4*l, 3*l - 7*o - 170 = -v*o. Calculate the greatest common divisor of 40 and l.
20
Let a = 220 - 210. Calculate the greatest common divisor of a and 230.
10
Let h(o) = o**3 + 22*o**2 - 22*o + 27. Let d be h(-23). What is the highest common divisor of d and 28?
4
Let a = -15 + 28. Let x = -12 + a. What is the highest common divisor of 7 and x?
1
Let q be ((-1)/3)/(1/(-6)). Suppose -q*p - 1 = -3. What is the highest common divisor of 2 and 